its digit of i(w)?
9
What is the tens digit of 3016/14 - 12/28?
1
Let g be (-1 + (-113)/2)*-2. Suppose 0 = -0*c - 5*c + g. Suppose -5*u + 5*h + c = 3*h, -4*h - 6 = -2*u. What is the units digit of u?
5
Suppose -3*y + 69 = -87. What is the units digit of y?
2
Suppose -3*j = -0*j + 5*n - 107, -2*j - 4*n + 70 = 0. What is the units digit of j?
9
What is the units digit of (-9)/(-2)*(-160)/(-24)?
0
Let i(d) = 3*d**2 + 2*d - 1. Let f be i(-2). What is the tens digit of 276/14 + 2/f?
2
Suppose -3*m = m - 20. Suppose -d - 2*b = b, -m*d + 12 = 3*b. Let p(x) = 2*x + 3. What is the units digit of p(d)?
9
Suppose i - 3*i + 270 = 0. What is the units digit of i?
5
Let z(x) = -3*x + 9. Let j be z(6). Let c = 7 - j. What is the tens digit of c?
1
Let z be 35 + -4 + -1*2. Suppose 4*h - 63 = z. What is the tens digit of h?
2
Suppose 4*x - 1800 = -2*x. What is the hundreds digit of x?
3
Let x(s) = -s**3 + 7*s**2 - 7*s + 6. Let d be x(6). Suppose d = -5*v + n + 63, -3*v - n = -27 - 6. What is the tens digit of v?
1
Suppose 5 + 47 = 4*q. Suppose -5*u + 4*u = -q. What is the units digit of u?
3
Let w(u) = 7*u**3 + 2*u**2 + 2*u. What is the tens digit of w(2)?
6
Let u be ((-5)/(-3))/(3/9). Let k = 2 - 2. What is the units digit of k/3 + u + 2?
7
Suppose 0 = m - 3. Let z be 6 - (1 + m/3). Suppose -2*r - 3*w - 5 = -4*r, z*r - 3*w - 19 = 0. What is the units digit of r?
7
What is the units digit of 1*4/((-8)/(-2))?
1
Let q = 58 - 22. Suppose 4*o = 12 - q. Let u = 12 + o. What is the units digit of u?
6
Let n(b) = -b**3 + b**2 - 2*b + 239. What is the tens digit of n(0)?
3
What is the tens digit of ((-2)/(-3))/(12/324)?
1
Suppose 4*q + 10 - 2 = 0. Let v be (5/15)/(q/(-6)). Suppose 3*h = -2*z - 7, 2*h + v = -5*z + 11. What is the units digit of z?
4
Suppose 4*v = -m + 83, -v - 20 = m - 118. What is the tens digit of m?
0
Let y = -18 + 25. What is the units digit of y?
7
Let t = 5 - 5. Suppose -5*h - 5*m + 25 = t, m - 17 - 12 = -4*h. What is the units digit of h?
8
Let d(v) = -v**3 + 17*v**2 - 17*v + 38. What is the tens digit of d(16)?
2
Suppose -3709 = -15*z - 649. What is the hundreds digit of z?
2
Let d(r) = r**3 - 8*r**2 + 7*r + 6. Suppose 4*c - 1 = 27. Let f be d(c). Suppose -f = -2*k + 12. What is the units digit of k?
9
Suppose 3*a + 5*z - 23 = -0*a, -3*a + 5*z = 17. Let i = a + 0. Let c = 13 - i. What is the units digit of c?
2
Suppose 10 = -4*n + x, 5*x = -4*n + 7 - 29. Let h = n + 9. What is the units digit of (-9)/h*(0 - 2)?
3
Let y(h) = h**3 + 6*h**2 + 4*h + 5. Suppose t = -4*z + 43, -39 = -2*z - 0*z + 3*t. Let a(s) = s**2 - 12*s - 5. Let j be a(z). What is the tens digit of y(j)?
1
Let j = -102 - -154. Let t = j - 34. Suppose -4*z + 0*x = 3*x - 46, 4*x = -z + t. What is the tens digit of z?
1
What is the units digit of ((-1)/2)/((-6)/408)?
4
Let g be (1 - 1)/(-6 - -8). Let i = 4 - 3. Suppose k + i - 2 = g. What is the units digit of k?
1
Suppose -m + o - 27 = -64, 3*m = o + 103. What is the tens digit of m?
3
Suppose 2*d - 146 = -32. What is the tens digit of d?
5
Suppose o - 19 = -3*i, -2*i - 5*o + o = -16. What is the units digit of i?
6
Let g = 34 - 51. Suppose 0 = -i + 4*f - 14, -5*f + 0*f + 45 = -4*i. Let s = i - g. What is the units digit of s?
7
Let q = 4 - 1. Suppose -5*t + 4*a + 176 = -63, 3*a + q = 0. Suppose 4*d - t = -15. What is the units digit of d?
8
Let r be 1/(3/(-1) + 2). Let g = r + 12. What is the units digit of g?
1
Let z = 8 - 5. Suppose -j + z + 2 = 0. Suppose u + 68 = j*u. What is the units digit of u?
7
Let h(f) = -44*f**3 - f**2 - f + 1. What is the tens digit of h(-1)?
4
Let h(q) be the third derivative of -q**4/6 - 4*q**3/3 - 4*q**2. Let s be h(-6). Suppose 2*l + 3*v = s, 3*l - 2*v = -l. What is the units digit of l?
2
Suppose -10 = -2*f + 46. What is the tens digit of f?
2
Suppose -2*b + 2*t = -35 - 5, 79 = 4*b - 3*t. Suppose 84 = 3*u - 9. Suppose -u = -5*m + b. What is the tens digit of m?
1
Let j(c) be the third derivative of c**4/24 + 5*c**3/6 + 2*c**2. What is the tens digit of j(10)?
1
Suppose -z - 1 + 3 = 0. Suppose -y - 11 = -z*y. What is the tens digit of y?
1
Let d = 781 + -505. What is the units digit of d?
6
Suppose -201 = -2*k + 5*i - 3, i = -k + 92. Suppose -k = -0*c - 2*c + 2*j, -5*j + 125 = 3*c. What is the units digit of c?
5
Let l(c) be the third derivative of 3*c**5/4 - c**4/12 - 9*c**2. What is the units digit of l(-1)?
7
Let h be (-2)/11 + (-400)/(-22). Let s be (-5)/2*h/(-5). Let i = 16 - s. What is the units digit of i?
7
Suppose -2*q + 82 - 5 = -a, -3*a = 3*q - 102. What is the units digit of q?
7
What is the units digit of (1/(-3))/(1/(-9))?
3
Let a = 13 + 22. What is the units digit of (-26)/(-7) - (-10)/a?
4
Suppose -50 = -3*k + 31. What is the units digit of k?
7
What is the tens digit of (4/(12/(-21)))/(3/(-162))?
7
Suppose 0 = 4*m - k - 275, -2*m - 4*k + 235 = 75. What is the tens digit of m?
7
Let j(i) = -i**3 + 5*i**2 + 2. What is the tens digit of j(4)?
1
Let f(u) = u**3 - 8*u**2 - 9*u + 3. Let l be f(9). Suppose l*h - 75 = -15. What is the tens digit of h?
2
Let q(f) = f**3 - 6*f**2 + 3*f + 7. Let x be q(5). What is the units digit of (x/(-6))/((-3)/(-42))?
7
Suppose -9*i = 3*i - 60. What is the units digit of i?
5
Let j = -8 - -12. Suppose -j*p - p + 100 = 0. What is the tens digit of p?
2
Let p(x) = x**3 + 4*x**2 - 2. Suppose -4*g - n = 9, 3*g + 4*n - 4 = -1. Let y be p(g). Let d = 12 - y. What is the units digit of d?
5
Let x = -15 - -42. Suppose 0*q + q - 2*n - x = 0, 5*n = -q + 62. What is the tens digit of q?
3
Let f be 12/(-66) + 4/22. Suppose f = -5*t + 133 - 3. What is the tens digit of t?
2
Let y(m) = -m**3 + 11*m**2 + 5*m + 14. What is the tens digit of y(11)?
6
Let i = 4 - -42. What is the tens digit of i?
4
Let y = -12 - -11. Let f(v) = 10*v**2 + 5*v + 4. Let d(b) = 31*b**2 + 14*b + 11. Let a(k) = 4*d(k) - 11*f(k). What is the tens digit of a(y)?
1
Suppose -3*a - 3*i = -7*a + 11, 3*a = -4*i + 2. Let c = -4 + 8. What is the units digit of ((-6)/c)/((-1)/a)?
3
Let u be 7 - (8/(-2) - -1). Suppose -10 = -5*v + u. Let o(w) = 3*w + 3. What is the units digit of o(v)?
5
Let o = 3 - 29. What is the units digit of o/(-10) + 2/5?
3
Suppose -2*y = y - 246. What is the tens digit of y?
8
Suppose 0 = 3*u - 4 + 1. Suppose 0 = -3*s - 17 - u. What is the units digit of (-15)/(-2) + 3/s?
7
Suppose 3*g = -g. Suppose o + 4*x = 18, 3*o - 2 = x - g. Suppose a = d - 1, -o*d - 5*a + a + 32 = 0. What is the units digit of d?
6
What is the units digit of (-45)/2*-6*(0 - -1)?
5
Let x = 4 + -7. Let s = -2 - x. What is the units digit of (-12)/(-2) + 2/s?
8
Suppose -3*m = -3*r - 114, 4*m + 2*r + 119 = 301. What is the units digit of m?
3
Suppose 3*v - 54 = -0*v. Let k be (0/((-2)/(-1)))/(-2). Suppose k*j = -j + v. What is the tens digit of j?
1
Let s(n) = n**3 + 3*n**2 - n + 2. Let f = -11 - -8. What is the units digit of s(f)?
5
Let r(s) = 4*s**3 - s + 1. Let z be r(1). Let l = 8 - z. Suppose 2*b + l = 4*b. What is the units digit of b?
2
Let w = 69 + 63. What is the units digit of w?
2
Let k = 0 - -4. Suppose 4*w - 36 = -2*d, -5*d - k*w + 45 = -39. What is the units digit of d?
6
Suppose 2*m + 2*o = 202, o + 0*o = -3*m + 301. What is the hundreds digit of m?
1
Suppose 5*l = -x + 62 + 3, -292 = -4*x - 4*l. What is the units digit of x?
5
Suppose h = 15 + 9. Suppose 0*t + 4*o - 3 = -5*t, 0 = 5*t - 3*o - h. What is the units digit of t?
3
Let v be 3/15 - (-32)/(-10). Let x = -1 + 1. Let g = x - v. What is the units digit of g?
3
Let j be (-3)/(2 - (-10)/(-6)). Let g = -6 - j. What is the units digit of g?
3
Suppose 2*c - 140 = -5*l, -4*l - c - c + 110 = 0. What is the units digit of l?
0
Let w = -51 - -73. What is the units digit of w?
2
Let j(k) = 3*k**2 + k + 1. Let s be j(-1). Let y = s + 8. Suppose -y + 2 = -l. What is the units digit of l?
9
Let r = -2 + 4. Suppose 0 = -3*p + 4 + r. What is the units digit of p?
2
Suppose 2*v - 3*v - 27 = 0. What is the tens digit of 1/2 - v/2?
1
Suppose 3*l - 4*l - 1 = i, 22 = -4*i + 5*l. Let v = i - -10. What is the units digit of v?
7
What is the tens digit of 3/(63/6945) + (-4)/(-14)?
3
What is the tens digit of (0 - 23)/1*-1?
2
Let u(z) = z**2 + z. Let w be u(6). Suppose -5*g + 68 = 2*p, 3*p - 7*p - 4*g = -124. Let d = w - p. What is the tens digit of d?
1
Suppos